{"id":132,"date":"2022-07-20T11:40:45","date_gmt":"2022-07-20T11:40:45","guid":{"rendered":"https:\/\/inc.erasmus.site\/?page_id=132"},"modified":"2024-03-14T14:59:15","modified_gmt":"2024-03-14T14:59:15","slug":"pr3","status":"publish","type":"page","link":"https:\/\/inc.erasmus.site\/pl\/pr3\/","title":{"rendered":"PR3: Program rozwoju kompetencji InC"},"content":{"rendered":"<p>Celem tego rezultatu jest opracowanie programu obejmuj\u0105cego od 10 do 15 temat\u00f3w o wysokim znaczeniu dla rozwijania praktycznych umiej\u0119tno\u015bci mened\u017cer\u00f3w w zakresie rozwijania kultury innowacji w ma\u0142ych i \u015brednich przedsi\u0119biorstw, pogrupowanych w 5 \u015bcie\u017cek rozwojowych, kt\u00f3re s\u0105 wysoce komplementarne w zakresie tworzenia i wspierania kultury innowacji. Pi\u0119\u0107 g\u0142\u00f3wnych obszar\u00f3w, kt\u00f3re zostan\u0105 uwzgl\u0119dnione to:<\/p>\n<ol>\n<li>Tworzenie i kierowanie \u015brodowiskiem innowacyjnym<\/li>\n<li>Budowanie w\u0142a\u015bciwego zespo\u0142u &#8211; zatrudnianie i pozycjonowanie zasob\u00f3w ludzkich w celu skutecznego zaanga\u017cowania si\u0119 w innowacje<\/li>\n<li>Wspieranie innowacji poprzez komunikacj\u0119,<\/li>\n<li>Metoda \u201elean startup\u201d<\/li>\n<li>Cyfrowe rozwi\u0105zania dla wspierania kultury innowacyjnej<\/li>\n<\/ol>\n<p>Po opracowaniu tego programu b\u0119dzie on dost\u0119pny w formie cyfrowej.<\/p>\n<p style=\"text-align: center;\"><a class=\"btn btn-primary\" role=\"button\" href=\"https:\/\/inc.erasmus.site\/platform\/pr3\" target=\"_blank\" rel=\"noopener\">Otw\u00f3rz<\/a><\/p>\n<p><\/p>","protected":false},"excerpt":{"rendered":"<p>Celem tego rezultatu jest opracowanie programu obejmuj\u0105cego od 10 do 15 temat\u00f3w o wysokim znaczeniu dla rozwijania praktycznych umiej\u0119tno\u015bci mened\u017cer\u00f3w w zakresie rozwijania kultury innowacji w ma\u0142ych i \u015brednich przedsi\u0119biorstw, pogrupowanych w 5 \u015bcie\u017cek rozwojowych, kt\u00f3re s\u0105 wysoce komplementarne w zakresie tworzenia i wspierania kultury innowacji. Pi\u0119\u0107 g\u0142\u00f3wnych obszar\u00f3w, kt\u00f3re zostan\u0105 uwzgl\u0119dnione to: Tworzenie i&hellip;&nbsp;<a href=\"https:\/\/inc.erasmus.site\/pl\/pr3\/\" rel=\"bookmark\">Dowiedz si\u0119 wi\u0119cej &raquo;<span class=\"screen-reader-text\">PR3: Program rozwoju kompetencji InC<\/span><\/a><\/p>\n","protected":false},"author":1,"featured_media":137,"parent":0,"menu_order":0,"comment_status":"closed","ping_status":"closed","template":"","meta":{"neve_meta_sidebar":"","neve_meta_container":"","neve_meta_enable_content_width":"off","neve_meta_content_width":100,"neve_meta_title_alignment":"","neve_meta_author_avatar":"","neve_post_elements_order":"","neve_meta_disable_header":"","neve_meta_disable_footer":"","neve_meta_disable_title":"","footnotes":""},"class_list":["post-132","page","type-page","status-publish","has-post-thumbnail","hentry"],"_links":{"self":[{"href":"https:\/\/inc.erasmus.site\/pl\/wp-json\/wp\/v2\/pages\/132","targetHints":{"allow":["GET"]}}],"collection":[{"href":"https:\/\/inc.erasmus.site\/pl\/wp-json\/wp\/v2\/pages"}],"about":[{"href":"https:\/\/inc.erasmus.site\/pl\/wp-json\/wp\/v2\/types\/page"}],"author":[{"embeddable":true,"href":"https:\/\/inc.erasmus.site\/pl\/wp-json\/wp\/v2\/users\/1"}],"replies":[{"embeddable":true,"href":"https:\/\/inc.erasmus.site\/pl\/wp-json\/wp\/v2\/comments?post=132"}],"version-history":[{"count":6,"href":"https:\/\/inc.erasmus.site\/pl\/wp-json\/wp\/v2\/pages\/132\/revisions"}],"predecessor-version":[{"id":362,"href":"https:\/\/inc.erasmus.site\/pl\/wp-json\/wp\/v2\/pages\/132\/revisions\/362"}],"wp:featuredmedia":[{"embeddable":true,"href":"https:\/\/inc.erasmus.site\/pl\/wp-json\/wp\/v2\/media\/137"}],"wp:attachment":[{"href":"https:\/\/inc.erasmus.site\/pl\/wp-json\/wp\/v2\/media?parent=132"}],"curies":[{"name":"wp","href":"https:\/\/api.w.org\/{rel}","templated":true}]}}

<p>Celem tego rezultatu jest opracowanie programu obejmującego od 10 do 15 tematów o wysokim znaczeniu dla rozwijania praktycznych umiejętności menedżerów w zakresie rozwijania kultury innowacji w małych i średnich przedsiębiorstw, pogrupowanych w 5 ścieżek rozwojowych, które są wysoce komplementarne w zakresie tworzenia i wspierania kultury innowacji. Pięć głównych obszarów, które zostaną uwzględnione to:</p>
<ol>
<li>Tworzenie i kierowanie środowiskiem innowacyjnym</li>
<li>Budowanie właściwego zespołu &#8211; zatrudnianie i pozycjonowanie zasobów ludzkich w celu skutecznego zaangażowania się w innowacje</li>
<li>Wspieranie innowacji poprzez komunikację,</li>
<li>Metoda „lean startup”</li>
<li>Cyfrowe rozwiązania dla wspierania kultury innowacyjnej</li>
</ol>
<p>Po opracowaniu tego programu będzie on dostępny w formie cyfrowej.</p>
<p style="text-align: center;"><a class="btn btn-primary" role="button" href="https://inc.erasmus.site/platform/pr3" target="_blank" rel="noopener">Otwórz</a></p>
<p></p>

<p>Celem tego rezultatu jest opracowanie programu obejmującego od 10 do 15 tematów o wysokim znaczeniu dla rozwijania praktycznych umiejętności menedżerów w zakresie rozwijania kultury innowacji w małych i średnich przedsiębiorstw, pogrupowanych w 5 ścieżek rozwojowych, które są wysoce komplementarne w zakresie tworzenia i wspierania kultury innowacji. Pięć głównych obszarów, które zostaną uwzględnione to: Tworzenie i&hellip;&nbsp;<a href="https://inc.erasmus.site/pl/pr3/" rel="bookmark">Dowiedz się więcej &raquo;<span class="screen-reader-text">PR3: Program rozwoju kompetencji InC</span></a></p>
