{"id":132,"date":"2022-07-20T11:40:45","date_gmt":"2022-07-20T11:40:45","guid":{"rendered":"https:\/\/inc.erasmus.site\/?page_id=132"},"modified":"2024-03-14T14:59:15","modified_gmt":"2024-03-14T14:59:15","slug":"pr3","status":"publish","type":"page","link":"https:\/\/inc.erasmus.site\/pt\/pr3\/","title":{"rendered":"PR3: Programa de Desenvolvimento de Compet\u00eancias"},"content":{"rendered":"<p>Este resultado visa desenvolver um programa que abrange entre 10-15 t\u00f3picos com grande relev\u00e2ncia para a capacidade pr\u00e1tica dos gestores de PMEs, de modo desenvolver uma cultura de inova\u00e7\u00e3o nas suas PMEs enquadrada nas 5 linhas de desenvolvimento altamente complementares no \u00e2mbito do estabelecimento e da promo\u00e7\u00e3o da cultura de inova\u00e7\u00e3o. As 5 principais \u00e1reas a serem cobertas s\u00e3o:<\/p>\n<ol>\n<li>Conce\u00e7\u00e3o e lideran\u00e7a do ambiente de inova\u00e7\u00e3o<\/li>\n<li>Construir a equipa certa &#8211; contrata\u00e7\u00e3o e posicionamento de RH para um envolvimento bem-sucedido na inova\u00e7\u00e3o<\/li>\n<li>Fomentar a inova\u00e7\u00e3o atrav\u00e9s da comunica\u00e7\u00e3o,<\/li>\n<li>Start-up Lean<\/li>\n<li>Solu\u00e7\u00f5es digitais para fomentar a cultura inovadora<\/li>\n<\/ol>\n<p>Uma vez desenvolvido este programa, ele tomar\u00e1 a forma de um recurso computacional.<\/p>\n<p style=\"text-align: center;\"><a class=\"btn btn-primary\" role=\"button\" href=\"https:\/\/inc.erasmus.site\/platform\/pr3\" target=\"_blank\" rel=\"noopener\">Aberto<\/a><\/p>\n<p><\/p>","protected":false},"excerpt":{"rendered":"<p>Este resultado visa desenvolver um programa que abrange entre 10-15 t\u00f3picos com grande relev\u00e2ncia para a capacidade pr\u00e1tica dos gestores de PMEs, de modo desenvolver uma cultura de inova\u00e7\u00e3o nas suas PMEs enquadrada nas 5 linhas de desenvolvimento altamente complementares no \u00e2mbito do estabelecimento e da promo\u00e7\u00e3o da cultura de inova\u00e7\u00e3o. As 5 principais \u00e1reas&hellip;&nbsp;<a href=\"https:\/\/inc.erasmus.site\/pt\/pr3\/\" rel=\"bookmark\">Ler mais &raquo;<span class=\"screen-reader-text\">PR3: Programa de Desenvolvimento de Compet\u00eancias<\/span><\/a><\/p>\n","protected":false},"author":1,"featured_media":137,"parent":0,"menu_order":0,"comment_status":"closed","ping_status":"closed","template":"","meta":{"neve_meta_sidebar":"","neve_meta_container":"","neve_meta_enable_content_width":"off","neve_meta_content_width":100,"neve_meta_title_alignment":"","neve_meta_author_avatar":"","neve_post_elements_order":"","neve_meta_disable_header":"","neve_meta_disable_footer":"","neve_meta_disable_title":"","footnotes":""},"class_list":["post-132","page","type-page","status-publish","has-post-thumbnail","hentry"],"_links":{"self":[{"href":"https:\/\/inc.erasmus.site\/pt\/wp-json\/wp\/v2\/pages\/132","targetHints":{"allow":["GET"]}}],"collection":[{"href":"https:\/\/inc.erasmus.site\/pt\/wp-json\/wp\/v2\/pages"}],"about":[{"href":"https:\/\/inc.erasmus.site\/pt\/wp-json\/wp\/v2\/types\/page"}],"author":[{"embeddable":true,"href":"https:\/\/inc.erasmus.site\/pt\/wp-json\/wp\/v2\/users\/1"}],"replies":[{"embeddable":true,"href":"https:\/\/inc.erasmus.site\/pt\/wp-json\/wp\/v2\/comments?post=132"}],"version-history":[{"count":6,"href":"https:\/\/inc.erasmus.site\/pt\/wp-json\/wp\/v2\/pages\/132\/revisions"}],"predecessor-version":[{"id":362,"href":"https:\/\/inc.erasmus.site\/pt\/wp-json\/wp\/v2\/pages\/132\/revisions\/362"}],"wp:featuredmedia":[{"embeddable":true,"href":"https:\/\/inc.erasmus.site\/pt\/wp-json\/wp\/v2\/media\/137"}],"wp:attachment":[{"href":"https:\/\/inc.erasmus.site\/pt\/wp-json\/wp\/v2\/media?parent=132"}],"curies":[{"name":"wp","href":"https:\/\/api.w.org\/{rel}","templated":true}]}}

PR3: Programa de Desenvolvimento de Competências

<p>Este resultado visa desenvolver um programa que abrange entre 10-15 tópicos com grande relevância para a capacidade prática dos gestores de PMEs, de modo desenvolver uma cultura de inovação nas suas PMEs enquadrada nas 5 linhas de desenvolvimento altamente complementares no âmbito do estabelecimento e da promoção da cultura de inovação. As 5 principais áreas a serem cobertas são:</p>
<ol>
<li>Conceção e liderança do ambiente de inovação</li>
<li>Construir a equipa certa &#8211; contratação e posicionamento de RH para um envolvimento bem-sucedido na inovação</li>
<li>Fomentar a inovação através da comunicação,</li>
<li>Start-up Lean</li>
<li>Soluções digitais para fomentar a cultura inovadora</li>
</ol>
<p>Uma vez desenvolvido este programa, ele tomará a forma de um recurso computacional.</p>
<p style="text-align: center;"><a class="btn btn-primary" role="button" href="https://inc.erasmus.site/platform/pr3" target="_blank" rel="noopener">Aberto</a></p>
<p></p>

<p>Este resultado visa desenvolver um programa que abrange entre 10-15 tópicos com grande relevância para a capacidade prática dos gestores de PMEs, de modo desenvolver uma cultura de inovação nas suas PMEs enquadrada nas 5 linhas de desenvolvimento altamente complementares no âmbito do estabelecimento e da promoção da cultura de inovação. As 5 principais áreas&hellip;&nbsp;<a href="https://inc.erasmus.site/pt/pr3/" rel="bookmark">Ler mais &raquo;<span class="screen-reader-text">PR3: Programa de Desenvolvimento de Competências</span></a></p>
